(h) = 44*h - 276. What is the thousands digit of t(46)?
1
Let h(q) = q**2 - 2*q + 16. Let l be h(7). Suppose l = -0*r + 3*r. What is the tens digit of r?
1
Let f be (-2*72/21)/(4/126). Let p = -68 - f. What is the tens digit of p?
4
Let t(h) = h**2 - 13*h + 233. What is the hundreds digit of t(27)?
6
Suppose 99*x + 7030 = 104*x. What is the tens digit of x?
0
Let o(l) = 2*l + 8. Let t be o(-4). Suppose -4*w + 5*i + 30 = t, i - 2 = -4. Suppose w*j - 9 + 4 = 0. What is the units digit of j?
1
Suppose u + d = 249, -496 = -5*u + 3*u - d. What is the hundreds digit of u?
2
Let x(w) = -143*w + 4. Let i be x(-4). Suppose -4*p = 2*n - 230, -4*n - 107 = 5*p - i. What is the tens digit of n?
2
Suppose -637 = -2*q - b, -341 = -14*q + 13*q + 4*b. What is the units digit of q?
1
Let b(y) = -5*y**2 - 8*y - 4. Let x be b(6). Let h = -64 - x. What is the tens digit of h?
6
Suppose -148 = -5*s - 3. Let o be 5/(-2)*12/(-15). What is the units digit of s - 1*(-6)/o?
2
Let a(o) = 102*o**2 + 12*o + 39. What is the hundreds digit of a(-3)?
9
Let k(n) = 3*n**2 - 21*n + 3. What is the hundreds digit of k(-12)?
6
Let g be -3 + (-1 - -2) + -3 + 91. Let z = g + 31. What is the tens digit of z?
1
Let x = -2908 - -7728. What is the units digit of x?
0
What is the units digit of 2*(176 + 4 - -1) + 2?
4
What is the thousands digit of 3691 - (11 + 76/(-4))?
3
Suppose -5*k = 3*q + q - 1428, -k + 276 = 4*q. What is the tens digit of k?
8
Suppose 14663 = 9*v + 2108. What is the thousands digit of v?
1
Let y(w) = -150*w - 211. What is the units digit of y(-20)?
9
Suppose 0 = -16*t + 3972 + 19244. What is the units digit of t?
1
Suppose -3*a - 18 = -0*a. Let w be (a + 3)*1*3. Let r = -5 - w. What is the units digit of r?
4
Let q be (-30)/(-105) - 9/7. Let i be (3 + -3)/(q - 0). What is the units digit of (i - -3) + -4 - -31?
0
Suppose 2*o + 355 = 12701. What is the hundreds digit of o?
1
Let l(f) = 3*f**2 - 8. Let z(n) = -3*n - 11. Let w = -23 + 18. Let d be z(w). What is the tens digit of l(d)?
4
Let s be ((-4)/6)/(3/9). Let d be ((-1)/3)/(s/12). What is the units digit of -7 - -4 - d*-3?
3
Let u(t) = -146*t - 13. Let a be u(-5). Suppose 2*j = -4*q + a - 99, 4*q + 4*j - 624 = 0. What is the units digit of q?
3
Suppose -z + 350 = 5*j, -5*z = -10*z + 5*j + 1600. What is the hundreds digit of z?
3
Let k = -5853 - -9480. What is the hundreds digit of k?
6
Let n(r) = 4*r**3 - 4*r + 1. Let q(w) = w**2 + 5*w + 8. Let p be q(-3). What is the tens digit of n(p)?
2
Let i be (-15)/6*12/(-10). Suppose -i*q - 15 = -2*q - 3*r, 15 = 3*r. Suppose -4*d + 7 + 25 = q. What is the units digit of d?
8
Let q = 948 + -113. Suppose -d - 3*n = 2*n - 285, 3*d + 5*n - q = 0. What is the units digit of d?
5
Suppose 17*l = 21134 + 3720. What is the hundreds digit of l?
4
Let q be -5*((-192)/50)/(1/5). Suppose -352 = 2*f - 6*f. Suppose 3*d = 5*h - q, -6*h + h - d = -f. What is the units digit of h?
8
Let m be -1 + 3 - (-8 + 4). Let x = m - -19. What is the units digit of x?
5
Let x(f) = 137*f + 27. Let t be x(4). What is the tens digit of -1 + 0 - t/(-5)?
1
Suppose -d - 5*p + 8 + 28 = 0, 0 = -d + p + 36. What is the units digit of d/(-27)*66/(-4)?
2
Suppose -5*v + 1120 = -5*b - 0*b, 0 = -4*b + 3*v - 895. Let r = 354 + b. What is the hundreds digit of r?
1
Suppose -5*j = 5*s - 6*j, 0 = s - j - 4. Let y(q) = -26*q**3 + 5*q**2 - 2 - 7*q**2 + 0*q**2 + 3. What is the units digit of y(s)?
5
Let f = -2 - -2. Suppose -3*m + f*m = -18. What is the tens digit of -6*(-1)/2*m?
1
Let y(n) = -n**3 - 5*n**2 + n. Let q = 8 + -4. Suppose -j - j + q*b - 16 = 0, -b + 1 = 0. What is the tens digit of y(j)?
3
Suppose 81 = -t - 0*t - p, t - 3*p + 81 = 0. Let g = t - -54. What is the units digit of (-140)/(-6) - (-36)/g?
2
Let n = -4 + 4. Suppose -2*l + 232 = -4*j, n*l + l - 104 = 5*j. Suppose 5*a + 3*m = l, 5*m + 100 = a + 4*a. What is the tens digit of a?
2
Suppose 2*v = -2*f + 1800, 5*f - 2515 = -4*v + 1082. What is the tens digit of v?
0
What is the tens digit of (-5 + -9)/(-7) - -441?
4
Suppose -17*w - 15*w = -28896. What is the tens digit of w?
0
Let z(d) = -d**3 - 17*d**2 - 20*d - 39. Let b(p) = -2*p**3 - 35*p**2 - 40*p - 79. Let c(i) = -3*b(i) + 5*z(i). What is the units digit of c(-19)?
3
Let y = -113 - -159. Let k = -31 + y. What is the tens digit of k?
1
Let m(a) = 6*a**2 - 8*a - 15. Let y = 58 - 53. What is the units digit of m(y)?
5
Let w(q) = q**3 - 3*q**2 - 21*q + 12. Let u be (-3553)/(-391) + 2/(-23). What is the tens digit of w(u)?
0
Let s(d) = -d + 19. Let l be s(13). Let q = 12 - l. Suppose -q*f = -4*f - 78. What is the tens digit of f?
3
Let m(a) = 12*a + 29. Let q be m(5). Suppose 0*n + 5*h + 299 = 3*n, -n + q = h. What is the units digit of n?
3
Let v = 18 - 17. Let o be v/(10/4 - 2). What is the units digit of 0 + (10 + 3)*o?
6
Let y(l) = 3*l**2. Let q be y(1). Suppose 239 = q*d - 2*o - 0*o, 3*d + 3*o = 219. What is the tens digit of d?
7
Let w = -11 - -17. Suppose -w*l = -260 - 178. What is the tens digit of l?
7
Let q(p) = -p. Let d(y) = 9*y + 9. Let v(r) = -d(r) - 6*q(r). Let w be v(-4). Suppose 3*s - 7*s - 4*t + 56 = 0, w*t + 18 = s. What is the tens digit of s?
1
Let y(o) = -6*o**3 - 2*o**2 + 4*o + 5. Let m(i) = -3*i - 3. Let u be m(-4). Let s = u - 11. What is the tens digit of y(s)?
3
Let n be (-1 - (-4 - 1)) + 0. Suppose -18 = -n*t - 2. Suppose -t*v + 52 = 5*f - 51, 0 = -5*f - 25. What is the tens digit of v?
3
Suppose 0*i + 3*i = 42. What is the tens digit of 892/i - 16/(-56)?
6
What is the tens digit of (-3 + 13)/((-7)/(-224))?
2
Suppose 181*v - 187*v + 15552 = 0. What is the units digit of v?
2
Suppose g - 3*g - 4*o + 4 = 0, -15 = -3*g + 3*o. Suppose -3*f - 12 = 0, -g*x - f + 46 = x. Suppose x*c - 6 = 7*c. What is the units digit of c?
2
Suppose 0 = 3*n + 5*n - 24. Suppose -o + 4*c + 306 = c, -4*c + 866 = n*o. What is the tens digit of o?
9
What is the hundreds digit of (-5)/(-6)*33*(-792)/(-45)?
4
Suppose -2*c = -108 + 102. What is the tens digit of 182 + 1 + (-2 - c)?
7
Let c be 1/((25/5)/20). Suppose 0 = 9*d - c*d - 755. What is the hundreds digit of d?
1
Let o = 806 - 384. What is the units digit of o?
2
Let k(c) = 4*c**2 + 76*c + 31. What is the units digit of k(-23)?
9
Let w(v) = v**3 + 7*v**2 + 5. Let x(a) = -6*a + 11. Let g be x(3). Let d be w(g). Suppose 3*q = k - 9 + 62, d*q - 4*k - 86 = 0. What is the units digit of q?
8
Let g(r) = 7*r**2 + 5*r - 22. What is the hundreds digit of g(-9)?
5
Let y = -1307 + 1939. What is the hundreds digit of y?
6
What is the units digit of (4 + 247)/((-3)/(-9))?
3
Suppose 0 = -l - 2*r + 659 - 260, 0 = -r + 2. What is the units digit of l?
5
What is the hundreds digit of 6 - (-99 - (4 + -4))?
1
Let r = -193 - -307. What is the tens digit of r?
1
Let i be (-204)/26 + 2/(-13). Let z be (-46)/11 + i/(-44). Let c = z - -46. What is the units digit of c?
2
What is the thousands digit of ((-15478)/(-14) - (-36)/84)/1?
1
Let o be (-7)/14*8/(-2). Suppose 0 = -o*z + 271 + 185. Suppose 4*u - z = -4*q, -4*u - 2*q + 247 = 25. What is the tens digit of u?
5
Let v(t) be the third derivative of 6*t**2 + 0*t - 1/24*t**4 + 1/120*t**6 + 2/3*t**3 + 0 - 1/15*t**5. What is the tens digit of v(5)?
2
Let r = -59 + 33. What is the units digit of (r/(-3))/((-1)/(-3))?
6
Let w be 14/(-56) - (-13)/4. Let a = 260 + w. What is the tens digit of a?
6
Let k(w) = w**3 + 11*w**2 + 15*w - 8. Let t(j) = 2*j**3 + 21*j**2 + 31*j - 17. Let u(z) = 9*k(z) - 4*t(z). What is the tens digit of u(-14)?
3
Let o = 3 + 28. Let v = 52 + o. What is the units digit of v?
3
Let r(n) = n**2 + 2*n + 2. Let x be r(-3). Suppose -3*h = -m + x, h = 3*m - 12 - 3. Let t(p) = p**2 + p - 2. What is the units digit of t(m)?
8
Suppose -2*v + 4*l + 22 = -2, 0 = v + 5*l - 33. What is the hundreds digit of 6744/30 + -1 + v/15?
2
Let j = -1661 - -2931. What is the tens digit of j?
7
Let v = -178 - -296. What is the hundreds digit of v?
1
Let b = -10 - -12. What is the units digit of b/(-5) - (-1624)/35?
6
Suppose 4*w - 4139 = 805. What is the hundreds digit of w?
2
Suppose 3014 + 19626 = 10*r. What is the units digit of r?
4
Suppose 2*o = -o + a + 69, -5*o - a = -123. Let x be 264/9 - 8/o. What is the tens digit of 1*(x + (-1)/(-1))?
3
Let v(m) = 291*m**3 + m**2 - 2*m + 2. What is the hundreds digit of v(1)?
2
Let f 